{"id":1695,"date":"2020-04-20T11:46:55","date_gmt":"2020-04-20T11:46:55","guid":{"rendered":"https:\/\/alineamientoenergetico.com\/fr\/?page_id=1695"},"modified":"2020-11-12T11:07:25","modified_gmt":"2020-11-12T10:07:25","slug":"jon-del-vas","status":"publish","type":"page","link":"https:\/\/alineamientoenergetico.com\/fr\/jon-del-vas\/","title":{"rendered":"Jon del Vas"},"content":{"rendered":"\t\t<div data-elementor-type=\"wp-page\" data-elementor-id=\"1695\" class=\"elementor elementor-1695\">\n\t\t\t\t\t\t<section class=\"elementor-section elementor-top-section elementor-element elementor-element-80450a7 elementor-section-boxed elementor-section-height-default elementor-section-height-default\" data-id=\"80450a7\" data-element_type=\"section\" data-e-type=\"section\">\n\t\t\t\t\t\t<div class=\"elementor-container elementor-column-gap-default\">\n\t\t\t\t\t<div class=\"elementor-column elementor-col-66 elementor-top-column elementor-element elementor-element-2925bad\" data-id=\"2925bad\" data-element_type=\"column\" data-e-type=\"column\">\n\t\t\t<div class=\"elementor-widget-wrap elementor-element-populated\">\n\t\t\t\t\t\t<div class=\"elementor-element elementor-element-f3fc9a8 elementor-widget elementor-widget-text-editor\" data-id=\"f3fc9a8\" data-element_type=\"widget\" data-e-type=\"widget\" data-widget_type=\"text-editor.default\">\n\t\t\t\t<div class=\"elementor-widget-container\">\n\t\t\t\t\t\t\t\t\t<p>Jon del Vas appartient sans aucun doute aux nouvelles g\u00e9n\u00e9rations qui ouvrent leur c\u0153ur et leur conscience afin de l\u2019appliquer dans leur travail. Jon del Vas se d\u00e9crit comme Acteur, l\u00e9ger t\u00e9nor, professeur et coach de voix. Son travail est bas\u00e9 sur la m\u00e9thode dite du \u00ab\u00a0<a href=\"https:\/\/alineamientoenergetico.com\/fr\/atelier-souffle-et-voix-methode-serge-wilfart\/\">Souffle-Voix<\/a>\u00a0\u00bb cr\u00e9\u00e9 par le Professeur Serge Wilfart qui assure que \u00ab bien respirer nous rajeunit et nous maintient en bonne sant\u00e9 \u00bb.<br \/>Dans ses ateliers, la respiration et la voix nous invitent \u00e0 un voyage int\u00e9rieur sain qui nous m\u00e8ne \u00e0 la recherche et au d\u00e9veloppement de notre \u00eatre essentiel. Jon enseigne une pratique m\u00e9ditative dynamique bas\u00e9e sur des postures corporelles et l\u2019expression de la voix comme t\u00e9moignage d\u2019une respiration saine et transformatrice. Ses <a href=\"https:\/\/alineamientoenergetico.com\/fr\/atelier-souffle-et-voix-methode-serge-wilfart\/\">ateliers Souffle-voix<\/a> sont dirig\u00e9s aussi bien \u00e0 des professionnels de la voix (chanteurs, conf\u00e9renciers, acteurs\u2026) qu\u2019\u00e0 des personnes soucieuses de travailler leur voix pour acqu\u00e9rir plus de confiance en soi, de centrage et d&rsquo;\u00e9nergie vitale.<\/p>\t\t\t\t\t\t\t\t<\/div>\n\t\t\t\t<\/div>\n\t\t\t\t\t<\/div>\n\t\t<\/div>\n\t\t\t\t<div class=\"elementor-column elementor-col-33 elementor-top-column elementor-element elementor-element-9e30046\" data-id=\"9e30046\" data-element_type=\"column\" data-e-type=\"column\">\n\t\t\t<div class=\"elementor-widget-wrap elementor-element-populated\">\n\t\t\t\t\t\t<div class=\"elementor-element elementor-element-493d944 elementor-widget elementor-widget-image\" data-id=\"493d944\" data-element_type=\"widget\" data-e-type=\"widget\" data-widget_type=\"image.default\">\n\t\t\t\t<div class=\"elementor-widget-container\">\n\t\t\t\t\t\t\t\t\t\t\t\t\t\t\t<img fetchpriority=\"high\" decoding=\"async\" width=\"424\" height=\"552\" src=\"https:\/\/alineamientoenergetico.com\/fr\/wp-content\/uploads\/2020\/04\/jon-2020-01.jpeg\" class=\"attachment-large size-large wp-image-1954\" alt=\"\" srcset=\"https:\/\/alineamientoenergetico.com\/fr\/wp-content\/uploads\/2020\/04\/jon-2020-01.jpeg 424w, https:\/\/alineamientoenergetico.com\/fr\/wp-content\/uploads\/2020\/04\/jon-2020-01-230x300.jpeg 230w\" sizes=\"(max-width: 424px) 100vw, 424px\" \/>\t\t\t\t\t\t\t\t\t\t\t\t\t\t\t<\/div>\n\t\t\t\t<\/div>\n\t\t\t\t\t<\/div>\n\t\t<\/div>\n\t\t\t\t\t<\/div>\n\t\t<\/section>\n\t\t\t\t<\/div>\n\t\t","protected":false},"excerpt":{"rendered":"<p>Jon del Vas appartient sans aucun doute aux nouvelles g\u00e9n\u00e9rations qui ouvrent leur c\u0153ur et leur conscience afin de l\u2019appliquer dans leur travail. Jon del Vas se d\u00e9crit comme Acteur, l\u00e9ger t\u00e9nor, professeur et coach de voix. Son travail est bas\u00e9 sur la m\u00e9thode dite du \u00ab\u00a0Souffle-Voix\u00a0\u00bb cr\u00e9\u00e9 par le Professeur Serge Wilfart qui assure que \u00ab bien respirer nous rajeunit et nous maintient en bonne sant\u00e9 \u00bb. Dans ses ateliers, la respiration et la\u2026<\/p>\n","protected":false},"author":1,"featured_media":0,"parent":0,"menu_order":0,"comment_status":"closed","ping_status":"closed","template":"","meta":{"site-sidebar-layout":"default","site-content-layout":"default","ast-site-content-layout":"default","site-content-style":"default","site-sidebar-style":"default","ast-global-header-display":"","ast-banner-title-visibility":"","ast-main-header-display":"","ast-hfb-above-header-display":"","ast-hfb-below-header-display":"","ast-hfb-mobile-header-display":"","site-post-title":"","ast-breadcrumbs-content":"","ast-featured-img":"","footer-sml-layout":"","ast-disable-related-posts":"","theme-transparent-header-meta":"default","adv-header-id-meta":"","stick-header-meta":"","header-above-stick-meta":"","header-main-stick-meta":"","header-below-stick-meta":"","astra-migrate-meta-layouts":"default","ast-page-background-enabled":"default","ast-page-background-meta":{"desktop":{"background-color":"","background-image":"","background-repeat":"repeat","background-position":"center center","background-size":"auto","background-attachment":"scroll","background-type":"","background-media":"","overlay-type":"","overlay-color":"","overlay-opacity":"","overlay-gradient":""},"tablet":{"background-color":"","background-image":"","background-repeat":"repeat","background-position":"center center","background-size":"auto","background-attachment":"scroll","background-type":"","background-media":"","overlay-type":"","overlay-color":"","overlay-opacity":"","overlay-gradient":""},"mobile":{"background-color":"","background-image":"","background-repeat":"repeat","background-position":"center center","background-size":"auto","background-attachment":"scroll","background-type":"","background-media":"","overlay-type":"","overlay-color":"","overlay-opacity":"","overlay-gradient":""}},"ast-content-background-meta":{"desktop":{"background-color":"var(--ast-global-color-5)","background-image":"","background-repeat":"repeat","background-position":"center center","background-size":"auto","background-attachment":"scroll","background-type":"","background-media":"","overlay-type":"","overlay-color":"","overlay-opacity":"","overlay-gradient":""},"tablet":{"background-color":"var(--ast-global-color-5)","background-image":"","background-repeat":"repeat","background-position":"center center","background-size":"auto","background-attachment":"scroll","background-type":"","background-media":"","overlay-type":"","overlay-color":"","overlay-opacity":"","overlay-gradient":""},"mobile":{"background-color":"var(--ast-global-color-5)","background-image":"","background-repeat":"repeat","background-position":"center center","background-size":"auto","background-attachment":"scroll","background-type":"","background-media":"","overlay-type":"","overlay-color":"","overlay-opacity":"","overlay-gradient":""}},"footnotes":""},"class_list":["post-1695","page","type-page","status-publish","hentry"],"_links":{"self":[{"href":"https:\/\/alineamientoenergetico.com\/fr\/wp-json\/wp\/v2\/pages\/1695","targetHints":{"allow":["GET"]}}],"collection":[{"href":"https:\/\/alineamientoenergetico.com\/fr\/wp-json\/wp\/v2\/pages"}],"about":[{"href":"https:\/\/alineamientoenergetico.com\/fr\/wp-json\/wp\/v2\/types\/page"}],"author":[{"embeddable":true,"href":"https:\/\/alineamientoenergetico.com\/fr\/wp-json\/wp\/v2\/users\/1"}],"replies":[{"embeddable":true,"href":"https:\/\/alineamientoenergetico.com\/fr\/wp-json\/wp\/v2\/comments?post=1695"}],"version-history":[{"count":5,"href":"https:\/\/alineamientoenergetico.com\/fr\/wp-json\/wp\/v2\/pages\/1695\/revisions"}],"predecessor-version":[{"id":2126,"href":"https:\/\/alineamientoenergetico.com\/fr\/wp-json\/wp\/v2\/pages\/1695\/revisions\/2126"}],"wp:attachment":[{"href":"https:\/\/alineamientoenergetico.com\/fr\/wp-json\/wp\/v2\/media?parent=1695"}],"curies":[{"name":"wp","href":"https:\/\/api.w.org\/{rel}","templated":true}]}}

<div data-elementor-type="wp-page" data-elementor-id="1695" class="elementor elementor-1695">
						<section class="elementor-section elementor-top-section elementor-element elementor-element-80450a7 elementor-section-boxed elementor-section-height-default elementor-section-height-default" data-id="80450a7" data-element_type="section" data-e-type="section">
						<div class="elementor-container elementor-column-gap-default">
					<div class="elementor-column elementor-col-66 elementor-top-column elementor-element elementor-element-2925bad" data-id="2925bad" data-element_type="column" data-e-type="column">
			<div class="elementor-widget-wrap elementor-element-populated">
						<div class="elementor-element elementor-element-f3fc9a8 elementor-widget elementor-widget-text-editor" data-id="f3fc9a8" data-element_type="widget" data-e-type="widget" data-widget_type="text-editor.default">
				<div class="elementor-widget-container">
									<p>Jon del Vas appartient sans aucun doute aux nouvelles générations qui ouvrent leur cœur et leur conscience afin de l’appliquer dans leur travail. Jon del Vas se décrit comme Acteur, léger ténor, professeur et coach de voix. Son travail est basé sur la méthode dite du « <a href="https://alineamientoenergetico.com/fr/atelier-souffle-et-voix-methode-serge-wilfart/">Souffle-Voix</a> » créé par le Professeur Serge Wilfart qui assure que « bien respirer nous rajeunit et nous maintient en bonne santé ».<br />Dans ses ateliers, la respiration et la voix nous invitent à un voyage intérieur sain qui nous mène à la recherche et au développement de notre être essentiel. Jon enseigne une pratique méditative dynamique basée sur des postures corporelles et l’expression de la voix comme témoignage d’une respiration saine et transformatrice. Ses <a href="https://alineamientoenergetico.com/fr/atelier-souffle-et-voix-methode-serge-wilfart/">ateliers Souffle-voix</a> sont dirigés aussi bien à des professionnels de la voix (chanteurs, conférenciers, acteurs…) qu’à des personnes soucieuses de travailler leur voix pour acquérir plus de confiance en soi, de centrage et d&rsquo;énergie vitale.</p>								</div>
				</div>
					</div>
		</div>
				<div class="elementor-column elementor-col-33 elementor-top-column elementor-element elementor-element-9e30046" data-id="9e30046" data-element_type="column" data-e-type="column">
			<div class="elementor-widget-wrap elementor-element-populated">
						<div class="elementor-element elementor-element-493d944 elementor-widget elementor-widget-image" data-id="493d944" data-element_type="widget" data-e-type="widget" data-widget_type="image.default">
				<div class="elementor-widget-container">
															<img fetchpriority="high" decoding="async" width="424" height="552" src="https://alineamientoenergetico.com/fr/wp-content/uploads/2020/04/jon-2020-01.jpeg" class="attachment-large size-large wp-image-1954" alt="" srcset="https://alineamientoenergetico.com/fr/wp-content/uploads/2020/04/jon-2020-01.jpeg 424w, https://alineamientoenergetico.com/fr/wp-content/uploads/2020/04/jon-2020-01-230x300.jpeg 230w" sizes="(max-width: 424px) 100vw, 424px" />															</div>
				</div>
					</div>
		</div>
					</div>
		</section>
				</div>

<p>Jon del Vas appartient sans aucun doute aux nouvelles générations qui ouvrent leur cœur et leur conscience afin de l’appliquer dans leur travail. Jon del Vas se décrit comme Acteur, léger ténor, professeur et coach de voix. Son travail est basé sur la méthode dite du « Souffle-Voix » créé par le Professeur Serge Wilfart qui assure que « bien respirer nous rajeunit et nous maintient en bonne santé ». Dans ses ateliers, la respiration et la…</p>
